0.
2, 5, 143113
What are the prime factors of 103313?
7, 14759
What are the prime factors of 640310?
2, 5, 11, 5821
List the prime factors of 1441497.
3, 480499
What are the prime factors of 20580844?
2, 5145211
List the prime factors of 269993.
109, 2477
What are the prime factors of 295857?
3, 71, 463
What are the prime factors of 651478?
2, 59, 5521
List the prime factors of 52642.
2, 26321
List the prime factors of 20561833.
20561833
List the prime factors of 155656.
2, 19457
List the prime factors of 228741.
3, 19, 4013
List the prime factors of 10859769.
3, 61, 131, 151
List the prime factors of 1212638.
2, 7, 37, 2341
List the prime factors of 7531865.
5, 11, 136943
List the prime factors of 9037641.
3, 139, 21673
List the prime factors of 1773311.
107, 16573
List the prime factors of 43308.
2, 3, 401
List the prime factors of 3544790.
2, 5, 354479
List the prime factors of 14864653.
14864653
What are the prime factors of 32192?
2, 503
List the prime factors of 325955.
5, 7, 67, 139
List the prime factors of 4548314.
2, 997, 2281
List the prime factors of 662937.
3, 11, 20089
List the prime factors of 482215.
5, 96443
What are the prime factors of 7924888?
2, 29, 34159
What are the prime factors of 252171?
3, 28019
List the prime factors of 1620924.
2, 3, 135077
What are the prime factors of 2123474?
2, 1061737
List the prime factors of 1096983.
3, 29, 467
List the prime factors of 10137166.
2, 13, 389891
What are the prime factors of 1864013?
883, 2111
List the prime factors of 83292.
2, 3, 11, 631
What are the prime factors of 666667?
666667
What are the prime factors of 3038?
2, 7, 31
What are the prime factors of 1121647?
67, 16741
List the prime factors of 11720087.
23, 509569
List the prime factors of 2665350.
2, 3, 5, 5923
List the prime factors of 6973691.
71, 98221
What are the prime factors of 238176?
2, 3, 827
List the prime factors of 367181.
367181
What are the prime factors of 2439915?
3, 5, 29, 71, 79
List the prime factors of 187610.
2, 5, 73, 257
What are the prime factors of 334795?
5, 66959
List the prime factors of 97450.
2, 5, 1949
What are the prime factors of 787072?
2, 11, 13, 43
List the prime factors of 478712.
2, 13, 4603
What are the prime factors of 110466?
2, 3, 17, 19
List the prime factors of 74966.
2, 37483
List the prime factors of 172945.
5, 34589
What are the prime factors of 852963?
3, 59, 61, 79
What are the prime factors of 8285954?
2, 227, 18251
What are the prime factors of 2556948?
2, 3, 213079
What are the prime factors of 22155769?
22155769
List the prime factors of 3851851.
19, 202729
What are the prime factors of 13596861?
3, 739, 6133
What are the prime factors of 61211?
61211
What are the prime factors of 1364976?
2, 3, 9479
List the prime factors of 100052.
2, 25013
List the prime factors of 1092375.
3, 5, 971
What are the prime factors of 392587?
13, 23, 101
What are the prime factors of 70517?
151, 467
What are the prime factors of 1497690?
2, 3, 5, 43
What are the prime factors of 761581?
139, 5479
List the prime factors of 715571.
715571
What are the prime factors of 370043?
509, 727
List the prime factors of 7997537.
19, 23, 18301
What are the prime factors of 3488538?
2, 3, 277, 2099
What are the prime factors of 489386?
2, 179, 1367
List the prime factors of 869543.
869543
What are the prime factors of 1285061?
1285061
List the prime factors of 2843985.
3, 5, 189599
What are the prime factors of 1745530?
2, 5, 19, 9187
What are the prime factors of 1731728?
2, 108233
What are the prime factors of 274799?
7, 37, 1061
What are the prime factors of 3759312?
2, 3, 17, 271
What are the prime factors of 1555225?
5, 7, 8887
What are the prime factors of 462974?
2, 83, 2789
What are the prime factors of 13320860?
2, 5, 7, 17, 29, 193
What are the prime factors of 18125033?
47, 385639
List the prime factors of 215466.
2, 3, 35911
What are the prime factors of 5268945?
3, 5, 11, 2903
What are the prime factors of 426748?
2, 7, 15241
What are the prime factors of 3215224?
2, 401903
List the prime factors of 97346.
2, 48673
What are the prime factors of 160248?
2, 3, 11, 607
List the prime factors of 1217683.
1217683
List the prime factors of 266318.
2, 13, 10243
List the prime factors of 16193103.
3, 5397701
List the prime factors of 308388.
2, 3, 31, 829
List the prime factors of 335095.
5, 29, 2311
What are the prime factors of 1166794?
2, 583397
What are the prime factors of 9990?
2, 3, 5, 37
List the prime factors of 282331.
7, 53, 761
List the prime factors of 683671.
83, 8237
What are the prime factors of 74223?
3, 2749
What are the prime factors of 2720720?
2, 5, 71, 479
What are the prime factors of 3070981?
911, 3371
What are the prime factors of 7026948?
2, 3, 195193
What are the prime factors of 6304686?
2, 3, 1050781
List the prime factors of 149649.
3, 83, 601
List the prime factors of 3827757.
3, 347, 3677
What are the prime factors of 400497?
3, 133499
What are the prime factors of 783132?
2, 3, 7, 9323
List the prime factors of 15095055.
3, 5, 1006337
What are the prime factors of 151846?
2, 23, 3301
What are the prime factors of 198075?
3, 5, 19, 139
List the prime factors of 16430184.
2, 3, 228197
List the prime factors of 1523714.
2, 67, 83, 137
What are the prime factors of 57548?
2, 14387
List the prime factors of 19539920.
2, 5, 31, 7879
What are the prime factors of 23660421?
3, 79, 99833
What are the prime factors of 3689091?
3, 7, 131, 149
What are the prime factors of 43260784?
2, 7, 17, 22721
List the prime factors of 988560.
2, 3, 5, 1373
List the prime factors of 485878.
2, 379, 641
List the prime factors of 229191.
3, 241, 317
What are the prime factors of 432260?
2, 5, 21613
What are the prime factors of 627596?
2, 156899
List the prime factors of 3603954.
2, 3, 600659
List the prime factors of 22350459.
3, 281, 26513
List the prime factors of 373196.
2, 79, 1181
List the prime factors of 23297913.
3, 61, 42437
List the prime factors of 4322734.
2, 13, 166259
List the prime factors of 74385.
3, 5, 19, 29
What are the prime factors of 14599732?
2, 7, 227, 2297
List the prime factors of 369370.
2, 5, 43, 859
What are the prime factors of 115217?
29, 137
List the prime factors of 84052.
2, 21013
What are the prime factors of 4234748?
2, 7, 151241
List the prime factors of 74954.
2, 11, 3407
What are the prime factors of 2710452?
2, 3, 225871
What are the prime factors of 211875?
3, 5, 113
What are the prime factors of 113594?
2, 13, 17, 257
What are the prime factors of 778807?
337, 2311
What are the prime factors of 135840?
2, 3, 5, 283
List the prime factors of 530200.
2, 5, 11, 241
What are the prime factors of 913573?
913573
List the prime factors of 120667.
67, 1801
What are the prime factors of 12633882?
2, 3, 47, 71, 631
What are the prime factors of 2586342?
2, 3, 11, 149, 263
What are the prime factors of 208039?
13, 1231
List the prime factors of 28893864.
2, 3, 233, 5167
What are the prime factors of 8893044?
2, 3, 67, 1229
List the prime factors of 1607557.
7, 29, 7919
List the prime factors of 437710.
2, 5, 7, 13, 37
List the prime factors of 14890433.
19, 783707
What are the prime factors of 14812514?
2, 19, 251, 1553
What are the prime factors of 318500?
2, 5, 7, 13
What are the prime factors of 568216?
2, 11, 587
What are the prime factors of 235975?
5, 9439
List the prime factors of 4321194.
2, 3, 23, 173, 181
What are the prime factors of 9034120?
2, 5, 19, 11887
What are the prime factors of 15674174?
2, 331, 23677
What are the prime factors of 207424?
2, 7, 463
What are the prime factors of 4951537?
31, 211, 757
What are the prime factors of 367935?
3, 5, 19, 1291
List the prime factors of 3633982.
2, 11, 165181
What are the prime factors of 184111?
184111
What are the prime factors of 371569?
11, 17, 1987
List the prime factors of 33063504.
2, 3, 17, 40519
List the prime factors of 154253.
11, 37, 379
List the prime factors of 1403583.
3, 67, 6983
What are the prime factors of 26756878?
2, 17, 223, 3529
What are the prime factors of 165629?
89, 1861
What are the prime factors of 2399861?
101, 23761
What are the prime factors of 1109325?
3, 5, 7, 2113
List the prime factors of 12577058.
2, 13, 483733
List the prime factors of 3683994.
2, 3,